 Suppose -319*z = -310*z + 18. What is the units digit of u(z)?
7
Let y(i) = 10*i**2 + i - 1. Let a be y(1). Let d = a + -13. Let l = d + 10. What is the units digit of l?
7
Let g(l) = 5*l**3 - 12*l**2 - 16*l - 34. Let w(j) = j**3 + 1. Let o(p) = g(p) - 6*w(p). What is the tens digit of o(-12)?
5
What is the hundreds digit of (570/6)/(9/117)?
2
Suppose 0 = -d + 4*a - 8, d - 4*d + 4*a = 0. Let v(t) = t - 4. Let r be v(d). Suppose r = -2*f + 48 - 16. What is the units digit of f?
6
Let r(x) = -x + 12. Let l be r(10). Suppose l*h - 53 = -u + 4*u, -5*h - 4*u = -144. What is the units digit of h?
8
Let r(k) = -k**2 + 10*k + 6. Suppose -3*o + 43 = -5*m, 5*o - 5*m = 59 + 6. Let n be r(o). Let p = -4 - n. What is the units digit of p?
1
Let c(r) = -719*r + 48. What is the hundreds digit of c(-3)?
2
What is the units digit of (-20800)/(-12) - (-2)/(-6)*1?
3
Let w(m) = -25*m + 32. What is the units digit of w(-14)?
2
Let d(a) = a**3 + 19*a**2 - 31*a - 12. Let j be d(-18). Suppose -j = -6*r + 228. What is the tens digit of r?
8
Suppose -15*n + 237 = 4*o - 16*n, -299 = -5*o + 4*n. What is the units digit of o?
9
Suppose 2*a - 5*a + 115 = -j, j + 1 = 0. Let i = -187 - -187. Suppose -c + a = -i*c. What is the tens digit of c?
3
Let a = 5 + -13. Let g(s) = -s**2 - 4*s - 14. Let n be g(a). Let i = n - -83. What is the units digit of i?
7
Let s be ((-42)/(-8))/(522/528 - 1). Let i = s + 688. What is the units digit of i?
6
Let h = -17 + 20. Let f(n) = 2 + 2*n**3 - 8*n**2 - 4*n + 9*n**2 - 4*n**2. What is the units digit of f(h)?
7
Suppose 4*d + 27 = q, -4*d - 31 = -3*q + 10. What is the units digit of q?
7
Suppose 23*v = 21*v + 8. Suppose -331 + 1143 = v*k. What is the hundreds digit of k?
2
Let p(d) = d**3 + 4*d**2 - 9*d - 4. What is the units digit of p(4)?
8
Suppose 28*y - 21420 = 7308. What is the hundreds digit of y?
0
Let f be 0/1 - -2 - 0. Let c = f + 2. Suppose 55 = m + c*y - 15, -m = y - 55. What is the tens digit of m?
5
What is the units digit of 24815/63 + 10 - 1/(-9)?
4
Let o(b) = -3*b**2 - 2*b + 7. Let c be o(-3). Let r(a) = a**3 + 14*a**2 - 6*a + 22. What is the tens digit of r(c)?
0
Suppose 5*w + 4840 = 5*m, -6*m + 5*w + 3867 = -2*m. What is the hundreds digit of m?
9
Let b(s) = -3*s + s**3 - 2 - 6 + 5*s + 0. Let z be b(0). What is the units digit of (-173)/(-4) - z/(-32)?
3
What is the tens digit of (-1 + (-530)/(-8))/((-21)/(-252))?
8
Suppose 4*z = -z - 5. Let k be 4/8*-4*z. What is the units digit of k*1 + (54 - 14)?
2
Let g(z) = 139*z**2 - 20*z + 52. What is the thousands digit of g(3)?
1
Let s = 2 + 2. Suppose 0 = t - s*u - 88, 119 = 2*t - 5*u - 66. What is the units digit of t?
0
Let x(b) be the first derivative of b**5/20 - b**4/6 + b**3 + 5. Let v(i) be the third derivative of x(i). What is the units digit of v(2)?
8
Let q(b) = -b + 7. Let r be q(4). Suppose r*h - 30 = -3*c + 21, c - 3*h = 13. Let x = 55 - c. What is the tens digit of x?
3
Suppose -1 = -2*u + f + 1, 23 = 5*u + 2*f. Suppose -q - 19 = 4*l + l, l = -u. What is the tens digit of ((-2)/3)/(q/270)?
4
Let x be ((-3)/(-4))/(25434/(-6360) + 4). Suppose -3*l + x = 2*l. What is the hundreds digit of l?
1
Suppose -28229 - 1435 = -16*z. What is the units digit of z?
4
Suppose a = o - 2185, 3*a + 10919 = 5*o + a. What is the units digit of o?
3
Suppose -4*u - 15 = -5*n, 2*n + u = -4*u + 6. Suppose -s - 3 = -3*g, 4 = 3*s - g - n. Suppose -4*i + 7 + 1 = -2*p, 19 = 5*p + s*i. What is the units digit of p?
2
Suppose 2*i = 14 + 22. Suppose -c - i = -23. Suppose 0 = c*x - 102 - 38. What is the tens digit of x?
2
Suppose -73 - 532 = -11*c. What is the tens digit of c?
5
Let l be 5/(-60)*-57 - 2/(-8). Let h(k) = -5*k**3 - 10 + 3 + 8*k**2 - 8*k + 4*k**3. What is the units digit of h(l)?
8
Let n(i) = i**2 - 12*i + 10. Let q be n(19). Suppose 7*o - 1228 = -q. What is the units digit of o?
5
Let z = 8 + -25. What is the units digit of -330*(z/(-34) + 3/(-2))?
0
What is the units digit of -2*(1 + 279)/(-4)?
0
Suppose -3*i - 5*m = -1929, 82*i + m = 84*i - 1299. What is the hundreds digit of i?
6
What is the tens digit of 2*(18722/11 - -1)?
0
Let i(r) = -r**3 + r**2 + 127. Let j be i(0). Let u(l) = 5*l - 29. Let n be u(-5). Let b = n + j. What is the tens digit of b?
7
What is the units digit of -5 - -2 - (-48 + 5)*36?
5
Let a(i) = -20*i - 6. Let h be a(-6). Suppose -5*v + 2*v = -h. Suppose -46 = -4*l + v. What is the tens digit of l?
2
Suppose -190 = 32*t - 34*t. What is the tens digit of t?
9
Let x(k) = -15*k - 11. Let g(l) = 10*l + 6. Let z(c) = -9*c - 6. Let s(d) = -2*g(d) - 3*z(d). Let m(f) = -7*s(f) - 4*x(f). What is the tens digit of m(5)?
5
Suppose 5*u = 2*z + 29073, 437 - 425 = -3*z. What is the thousands digit of u?
5
What is the units digit of (-78)/117 - (-20)/3?
6
Let r be ((-35)/(-14))/((-2)/(-100)). Suppose r = 4*o - 279. What is the tens digit of o?
0
Suppose 0 = -16*t + 45271 - 7879. What is the thousands digit of t?
2
Let h(n) = 24 + 22*n + 48*n + 20*n + 12*n. What is the tens digit of h(2)?
2
Let h be 1929/21 - (-7)/49. What is the hundreds digit of 10*(-5)/(-20)*h?
2
Suppose -29*l + 27*l + 2060 = 0. What is the units digit of l?
0
Suppose 63 - 71 = -4*m. Suppose 0 = m*t + u - 232, -4 = -6*u + 5*u. What is the tens digit of t?
1
Let z be (48/(-9) + 4)*3/(-2). What is the tens digit of ((-4)/10)/(z/(-250))?
5
Let u(y) be the first derivative of y**4/4 - 3*y**2/2 + y - 2. Let w be u(2). Suppose 0 = -w*d + j + 22, -d + 16 = 4*j - 0*j. What is the units digit of d?
8
Suppose -2*k + 301 = -4*d - 5, 765 = 5*k + 4*d. What is the tens digit of k?
5
Let z = 307 + -179. Suppose 0*b + 5*b - 503 = -4*t, t = -2*b + z. What is the hundreds digit of t?
1
Suppose 2*i - 22 - 22 = 0. What is the units digit of 119 + (i/(-7) - (-2)/14)?
6
What is the tens digit of (1 - (-605)/15)*3?
2
What is the tens digit of 4 + -6 + 4 + 180?
8
Suppose 20 = 4*w + w. Let t be (-2 + w)/(-1) + 4. Suppose n + 20 = t*n. What is the units digit of n?
0
Let c = -49 - -59. Suppose -12*r = -c*r - 154. What is the units digit of r?
7
Let g(h) = 5*h + 197. What is the tens digit of g(-34)?
2
Let o(y) = 111*y - 253. What is the units digit of o(20)?
7
Let l = -1 - -16. Suppose x = -2*x + l. Suppose -2*o = -0*f + 4*f - 26, 5*o - 20 = -x*f. What is the units digit of f?
9
Let t be (-1 - (-4 + 3)) + -1. What is the units digit of -9 + 5 + t + 43?
8
Suppose 665 = 4*t + 3*r, 0 = -2*t + 4*r + 429 - 91. What is the units digit of t?
7
Let n(a) be the first derivative of 5*a**3 + 9*a**2/2 + a - 8. What is the hundreds digit of n(-3)?
1
Suppose 5*f = -c - c - 22, 2*c + 2*f = -10. Let t be 1 + -1 - c - -2. Suppose 0 = 3*u + 4*g - 25, -19 - 21 = -t*u - g. What is the tens digit of u?
1
Suppose -53*h + 50*h + 4356 = 0. What is the tens digit of h?
5
Let y be (-8)/6*-1*18/6. Suppose f = -2*u + 75, -2*u + f + y*f = -93. What is the tens digit of u?
3
Let w(a) = 13*a**2 - 24*a + 5. What is the hundreds digit of w(9)?
8
Suppose -5*b + 14 + 6 = 0. Suppose 4*z = b*w + 36, z + w = -4*z + 21. What is the units digit of z?
5
What is the thousands digit of 55*(-1)/(-1)*(-6534)/(-135)?
2
Suppose 0 = -5*o + 3588 + 7387. What is the units digit of o?
5
Let d = 1561 + 3395. What is the units digit of d?
6
Suppose -5*z = -6*z + 7. Suppose -z*k = -3 - 4. What is the units digit of k?
1
Let k(y) be the third derivative of y**5/60 + y**4/6 + y**3 + 3*y**2. What is the tens digit of k(5)?
5
Suppose 0 = -3*r - 16 + 4. Let z be 0/1*(r + 3). Suppose z = 7*q - 3*q - 308. What is the tens digit of q?
7
Let p(j) = 3*j**2 - 8*j - 21. Let o be p(8). Suppose 0 = 2*q - o - 19. What is the tens digit of q?
6
Suppose 0 = -5*m - 5, -412 - 289 = -4*j + m. What is the tens digit of j?
7
Let h(f) be the first derivative of -1/4*f**4 - 1/2*f**2 + 5*f - 1 + 4/3*f**3. What is the units digit of h(4)?
1
Let i be (-6)/(-9)*(2 + 1). Let f be -486 - (0 - i/(-1)). What is the units digit of (3/(-6))/(4/f)?
1
Let x(b) = -1 - 2*b + 3*b**2 + 3 + 0*b. Suppose 0*h = 5*r - 5*h - 5, 0 = 4*r - h - 10. What is the units digit of x(r)?
3
Suppose 31*q - 16*q = 990. What is the units digit of q?
6
What is the hundreds digit of (20/(-30))/((-2)/951)?
3
Let w = -3518 + 5096. What is the units digit of w?
8
Let m(s) = -s**2 - 6*s - 5. Let p be m(-5). Suppose p = -v - 3 + 11. Suppose -45 = 